z. Suppose 9 + 20 = 3*g + 4*r, -d*g + 3*r = -25. List the prime factors of g.
11
Suppose 2*u = -3*u. Suppose u = 3*s - 0*s - 87. List the prime factors of s.
29
Suppose -2*o = o. Suppose o*l - l = -43. What are the prime factors of l?
43
List the prime factors of 3 + (112 - 3) - -3.
5, 23
Let f(p) = 177*p**2 + 2*p - 2. List the prime factors of f(-1).
173
Let r(u) = -2*u. Let v be r(6). Let x(i) = i**2 + 5*i + 9. Let m be x(-7). Let d = m + v. List the prime factors of d.
11
Suppose 4*w + 3*x = 11, -x + 0 = -1. Suppose 0 = -2*p + w - 4. List the prime factors of 7 - (-2 - (p - 0)).
2
Suppose -3 = -4*f + 33. Let p = -8 + f. List the prime factors of 7 - (1 + p - 0).
5
Let j(p) = 3*p**2 + 13*p - 2. Let x(k) = -2*k**2 - 12*k + 1. Let t(m) = 4*j(m) + 5*x(m). List the prime factors of t(6).
3, 7
Suppose 7 - 1 = 3*b. Suppose b - 6 = -w. What are the prime factors of w - (-1 + 0 + 3)?
2
Suppose 74 + 90 = 2*s. Suppose 4*a = s - 6. List the prime factors of a.
19
Suppose -64 = -5*h + 4*h + 2*s, 2*s = -3*h + 160. What are the prime factors of h?
2, 7
Let z be ((-4)/6)/(5/(-555)). Let q = z + -49. Suppose -q = 3*h - 85. What are the prime factors of h?
2, 5
What are the prime factors of 455/15 - (-6)/9?
31
Let x = -28 + 46. Let s be (-2)/(-6) + (-6)/x. Let p = 3 + s. What are the prime factors of p?
3
Let n = 10 - 7. List the prime factors of 31/(-2 + 0 + n).
31
Let d be (-320)/(-18) + (-4)/(-18). Let u = d + -12. What are the prime factors of u?
2, 3
Suppose 0 = -2*s + 3*s - 189. List the prime factors of s.
3, 7
Suppose -5*d + 2*o + 68 = -2*o, 0 = 5*d - 5*o - 65. Suppose 3*j + t - d = 16, -2*j + 4*t + 12 = 0. What are the prime factors of j?
2, 5
List the prime factors of 3*(-1 + 310/18)*3.
2, 73
Suppose -2*g + x = -7 - 2, 0 = g + 3*x - 1. Suppose f - 2*f = 2*q - 15, -4*q - g*f = -24. Suppose q = -2*s + 29. What are the prime factors of s?
2, 5
Let l be 0 - (0 - -3 - 5). Suppose i + 13 = l*i. List the prime factors of i.
13
Suppose -v + d = -50, 5*d - 2*d - 165 = -4*v. What are the prime factors of v?
3, 5
Let k(d) = d**3 - 11*d**2 + 10*d + 11. What are the prime factors of k(10)?
11
Let o(v) = -v - 4. Suppose 6*a = 3*k + 5*a + 26, 20 = 4*a. Let p be o(k). Suppose -p = -b + 2. List the prime factors of b.
5
Let x be 2/7 + 284/(-14). Let a = x + 29. Let o = -3 + a. What are the prime factors of o?
2, 3
List the prime factors of 438/(-8)*(-60)/45.
73
Suppose 0 = -2*v + 195 - 75. Suppose 5*u + v = -0*u + z, -u - 3*z = 12. List the prime factors of u*1*8/(-24).
2
Let q(c) = 2*c**2 + 4*c + 23. List the prime factors of q(9).
13, 17
Let b = -13 - -18. Suppose -1 + b = n. Suppose n*q = 57 - 21. List the prime factors of q.
3
Let f be 1 + (-66)/(6/(-2)). Let y = -15 + f. What are the prime factors of y?
2
Suppose 4*k - 42 = -2*f + 3*f, -2*f = 2*k - 26. What are the prime factors of k?
11
Let v(i) = i**2 + 5*i + 16. What are the prime factors of v(-7)?
2, 3, 5
Suppose -3*h - h + 128 = 0. List the prime factors of h.
2
Let b be (2 - 12)*(-6)/15. Let f = b + 4. What are the prime factors of f?
2
Suppose 3*q - 19 = 59. Let t = q + -9. What are the prime factors of t?
17
Suppose 7 + 6 = z. Suppose 0 = -3*k + 4*c - 20, k + 4*c + 0*c = 4. Let g = k + z. What are the prime factors of g?
3
Suppose 1199 = 8*h + 231. What are the prime factors of h?
11
Let q be (3 - -32) + 4/2. Suppose 0*o + 3*o = 5*i - 53, 4*i + 3*o = q. What are the prime factors of i?
2, 5
Let q = 3 - -119. List the prime factors of q.
2, 61
Let p(s) be the first derivative of -s**3/3 + 18*s - 5. What are the prime factors of p(0)?
2, 3
Let g(d) = 14*d + 3. List the prime factors of g(9).
3, 43
Suppose -10 = 8*z - 10*z. Suppose s - 20 = -z. What are the prime factors of s?
3, 5
Let s(h) be the third derivative of h**6/120 + h**5/10 - h**4/12 - 4*h**2. List the prime factors of s(-6).
2, 3
Let j = -14 + 24. Suppose 5*x - 16 = 4, l = -2*x + j. What are the prime factors of l?
2
Let k = -2 - -3. What are the prime factors of (-13)/(((-3)/3)/k)?
13
Let o = -31 + 43. List the prime factors of o.
2, 3
Let m be (-2)/8 + (-138)/24. Let a = -4 - m. Suppose -2*g + 38 = 2*i, -a*i + 92 = 3*i + 4*g. List the prime factors of i.
2
Suppose 5*d + 936 = 11*d. List the prime factors of d.
2, 3, 13
Let l = 4 + -2. Let z(c) = c**3 - 2*c**2 + 2*c. Let k be z(l). What are the prime factors of (-2)/(k/(-30) + 0)?
3, 5
Let f(k) = 2*k**2 - 5 - 2 + 5*k + 0 + 0*k. List the prime factors of f(-5).
2, 3
Let q(i) = -i**3 - 9*i**2 - 10*i - 11. Let d = 6 + -14. Let k be q(d). Suppose k*r + p - 25 = 0, -4*r - 2*p - 3 + 23 = 0. List the prime factors of r.
5
Suppose -8 = -4*c - 0. Suppose -c*t - 3*d = -27, -6 = -2*t + 3*d + 3. List the prime factors of t.
3
Let t = -9 + 21. Suppose b - 40 = -t. What are the prime factors of b?
2, 7
Let r be 26/(-4) + 1/(-2). Let t = r - -14. What are the prime factors of t?
7
Let p be 84/(-9) - 2/3. Let l = 15 + p. Suppose -w - 15 = 4*q - 4, 3*q = -l*w + 30. What are the prime factors of w?
3
What are the prime factors of (5/((-50)/(-6)))/((-1)/(-155))?
3, 31
Let v(l) = -l**2 + 10*l + 1. Let r be v(8). Let q = -49 + r. Let n = q - -47. What are the prime factors of n?
3, 5
Suppose 6*l - 13*l + 70 = 0. What are the prime factors of l?
2, 5
Suppose 5*n = 43 + 32. Suppose 3*m = 2*m + n. What are the prime factors of m?
3, 5
Let u = 5 + -1. Suppose 0 = 2*p - 0*p - u. List the prime factors of p.
2
Suppose g + 161 = 8*g. What are the prime factors of g?
23
Suppose 0 = 4*k - 20, 4 + 1 = 5*d + 3*k. Let g be -34 + (-1 - 1) + 0. What are the prime factors of (-1)/(d*(-2)/g)?
3
Suppose -4*o = 4*y - 140, 4*o + o + 4*y = 175. Suppose r - 4*r - 4*g = -o, -g - 66 = -5*r. What are the prime factors of r?
13
Let k(a) = 2*a**2 + 4*a + 2. Let f be k(-3). Suppose -j - 2 = -f. List the prime factors of j.
2, 3
Let f = -50 + 117. List the prime factors of f.
67
Let r = 6 - -44. Suppose 0*z - 3*z + 4*n + 142 = 0, -z = -2*n - r. What are the prime factors of z?
2, 3, 7
Let b = 474 + -212. What are the prime factors of b?
2, 131
Let x(l) = 48*l**2 + l - 1. Let y be x(1). Suppose -k + 5*k - y = 0. What are the prime factors of k?
2, 3
Let y(u) = -u**2 + 7*u + 7. Let m(z) = z**2 + 5*z + 1. Let i be m(-6). What are the prime factors of y(i)?
7
Let u(r) = -r**3 + 11*r**2 - r + 13. Let w be u(11). Suppose 8 = -4*l - i, -3*l - 23 = w*l - 2*i. Let y = l + 9. What are the prime factors of y?
2, 3
Let v(r) = r**2 - r - 10. Suppose 4*o + 8 = -12. List the prime factors of v(o).
2, 5
Let v be 2*2*3/12. Let o(s) = s**3 + v + s**2 + 0*s + 3*s - 2*s + 2. List the prime factors of o(0).
3
Let d(n) = -2*n - 8. Let b(q) = -q**2 - 7*q - 8. Let g be b(-7). What are the prime factors of d(g)?
2
Let g = 18 + -4. What are the prime factors of 242/g + (-2)/7?
17
Let r = 14 - 9. Suppose 0 = d + 5*o - 27, 75 = d + 4*d + r*o. What are the prime factors of d?
2, 3
Suppose -5*j - 149 = -2049. Let w be (18/(-15))/((-6)/j). Suppose w = 5*t + 26. What are the prime factors of t?
2, 5
Let h = -44 - -70. Let n be 2*(10/4 + 0). Suppose h = -q + 4*q - n*o, -2*o = -q + 10. What are the prime factors of q?
2
Suppose 0 = -0*u + 4*u - 1044. What are the prime factors of u?
3, 29
Suppose 0 = -l + 2*l. Suppose 0 = 2*z + 4*k + 34, -5*k = -l + 25. What are the prime factors of z/((-3)/3) - 1?
2, 3
Suppose 5*k = 3*j - 744, -k = 4*j - 0*k - 992. List the prime factors of j.
2, 31
Suppose 4*z = -z + 25. Let k = 1 + z. What are the prime factors of k?
2, 3
Let o = 10 + -6. Suppose 2*m + 2*m = p - 22, -o*p - m = -54. What are the prime factors of p?
2, 7
Let y = 5 - 0. Let i(z) = z**3 - 5*z**2 + 4*z + 3. What are the prime factors of i(y)?
23
Let k(v) = -v**2 - 8*v - 8. Let a be k(-6). Suppose -9*m + a*m + 65 = 0. List the prime factors of m.
13
Suppose -3*h - 45 = -0*h. Let o be h/(-2)*(4 - 2). Let c = o - 8. What are the prime factors of c?
7
Suppose -3*n + 15 = -0*n. Let q be 0 - (2 + 0 + -4). Suppose -n*p - 42 + 6 = -q*t, t + p - 4 = 0. What are the prime factors of t?
2
Suppose 9*g - 38 = 43. What are the prime factors of g?
3
Suppose -3*q - q + 5*w = -44, q - 14 = 2*w. Suppose -q*u + 8 = -5*u. Let c = 12 - u. List the prime factors of c.
2
Let z(p) = -p**3 + 11*p**2 + 3*p - 10. What are the prime factors of z(11)?
23
What are the prime factors of (5/(-15))/(3/(